
In base 16, what is 5bca7 + -1?
5bca6
In base 11, what is 77 + 21a21?
21a98
In base 7, what is -12505401 + -3?
-12505404
In base 3, what is 2 + -1220220220?
-1220220211
In base 2, what is -110110 - -10100010000?
10011011010
In base 2, what is -11010000100100 + -1010?
-11010000101110
In base 11, what is -11a325 + 0?
-11a325
In base 4, what is -10121 - -11222?
1101
In base 6, what is 10 - -200014?
200024
In base 15, what is 43c9b - -2?
43c9d
In base 5, what is -1 + 3344132?
3344131
In base 4, what is 2 + 132233311?
132233313
In base 2, what is -1100100010100 + -110?
-1100100011010
In base 4, what is 2 + -20321102?
-20321100
In base 7, what is 35 - -255?
323
In base 8, what is 27142 - 64?
27056
In base 2, what is -100 - -1101101111001100?
1101101111001000
In base 16, what is -23cd2 - 0?
-23cd2
In base 14, what is 84 + 306?
38a
In base 9, what is 4 - 33366?
-33362
In base 16, what is 79a + -d?
78d
In base 16, what is -d - 35ad?
-35ba
In base 16, what is -4 + 5e3dc?
5e3d8
In base 9, what is 2 - -401187?
401200
In base 10, what is 7 - 118547?
-118540
In base 5, what is 4421333 - -1?
4421334
In base 11, what is 15 - 27947?
-27932
In base 2, what is -101 + 111111111111101001?
111111111111100100
In base 5, what is -1440 - 21422?
-23412
In base 7, what is 4035042 + -3?
4035036
In base 13, what is 2 - c666?
-c664
In base 7, what is -242 - -1052?
510
In base 7, what is 0 + -1462351?
-1462351
In base 3, what is 120200121 - 111?
120200010
In base 14, what is 4d3a - 4b?
4ccd
In base 15, what is -3 + d9b?
d98
In base 15, what is a5 - -de?
194
In base 2, what is 110000100110 + 1100?
110000110010
In base 2, what is 100 - -10001010010101?
10001010011001
In base 5, what is -2 - 431310?
-431312
In base 16, what is -1c4 + 16?
-1ae
In base 8, what is -1 + -1673321?
-1673322
In base 3, what is 12 + 21200121?
21200210
In base 2, what is 1000 + 101110111?
101111111
In base 14, what is -3a2 + 58?
-348
In base 5, what is 312 - -13?
330
In base 16, what is -9 - -346a1?
34698
In base 4, what is 3 + -23110333?
-23110330
In base 5, what is -4 - -330141?
330132
In base 5, what is -11 - 24343?
-24404
In base 7, what is 121012 + -214?
120465
In base 10, what is 18313 + -111?
18202
In base 14, what is -3 + -22b5?
-22b8
In base 15, what is -1 - -50b7?
50b6
In base 12, what is 6308 + 6?
6312
In base 15, what is 133 + 18a?
2bd
In base 16, what is -cf + 28?
-a7
In base 14, what is -23 + -425?
-448
In base 4, what is 1120302323 + -11?
1120302312
In base 7, what is -112 + -43301?
-43413
In base 11, what is -1338 + 3?
-1335
In base 9, what is -11 + -1841?
-1852
In base 6, what is -20 + 1144252?
1144232
In base 12, what is -5aa - 15?
-603
In base 5, what is 0 - -13101?
13101
In base 15, what is b + 15d5a?
15d66
In base 13, what is -aa208 + -5?
-aa210
In base 11, what is -2332 + -9?
-2340
In base 8, what is -165667 + -2?
-165671
In base 14, what is -188c5 - -4?
-188c1
In base 3, what is -102021001 - 210?
-102021211
In base 8, what is 41 - 5707?
-5646
In base 14, what is 3ad65 - -7?
3ad6c
In base 7, what is 1411303 - -2?
1411305
In base 14, what is 3863a + 5?
38641
In base 6, what is 1043025 - 2?
1043023
In base 9, what is -76273 + 3?
-76270
In base 12, what is 322 + 20?
342
In base 8, what is 35 + -50032?
-47775
In base 5, what is -10 - 4120322?
-4120332
In base 15, what is 3d - -3a90?
3acd
In base 13, what is -375c4 + -2?
-375c6
In base 2, what is 1010101111 - -1001?
1010111000
In base 2, what is 1010011111 - 111101?
1001100010
In base 15, what is 6b9 - 4c?
66c
In base 5, what is 3 + 102301?
102304
In base 10, what is -1183 + 32?
-1151
In base 3, what is 11 + -12201212220?
-12201212202
In base 8, what is -2 + -15024?
-15026
In base 7, what is -10 + -143511?
-143521
In base 11, what is 4 + -147143?
-14713a
In base 6, what is 0 + 104353?
104353
In base 7, what is 206 + 12626?
13135
In base 4, what is -12221122 - -311?
-12220211
In base 5, what is -1031 - -3230?
2144
In base 16, what is 1 + -7d?
-7c
In base 5, what is 2 + 40334342?
40334344
In base 15, what is 11bc + -3?
11b9
In base 10, what is 2203 + -2?
2201
In base 16, what is 30 - -cb?
fb
In base 4, what is 103 + 231203?
231312
In base 10, what is 2133 + 483?
2616
In base 12, what is 0 + 13b73?
13b73
In base 12, what is 3b - 73602?
-73583
In base 6, what is -2412 - -442?
-1530
In base 13, what is -6 - 9c80?
-9c86
In base 13, what is 79601 - -1?
79602
In base 8, what is 375407 + -32?
375355
In base 12, what is -a753 - 0?
-a753
In base 7, what is -266 - -31342?
31043
In base 16, what is -22bc - -71?
-224b
In base 13, what is 4 - 6ba51?
-6ba4a
In base 2, what is -1101101000101000100001 - -11?
-1101101000101000011110
In base 3, what is 110 + -20020020?
-20012210
In base 14, what is -1470 + b1?
-139d
In base 5, what is -101433311 + -4?
-101433320
In base 4, what is 30001 + -22002?
1333
In base 3, what is -212022100 - 11?
-212022111
In base 6, what is -355135 - -4?
-355131
In base 9, what is -1286 + 2326?
1030
In base 16, what is -6a10 - -3?
-6a0d
In base 13, what is 1 - -15cb3a?
15cb3b
In base 3, what is -1 + -211202212?
-211202220
In base 3, what is -120011100 - 2010?
-120020110
In base 7, what is -1 + 55504?
55503
In base 7, what is -5226 - -434?
-4462
In base 7, what is -110003 - -3?
-110000
In base 14, what is 1 + -30c5?
-30c4
In base 13, what is -45a6 + -66?
-463c
In base 3, what is -102100102 + 101?
-102100001
In base 14, what is -2bb2c + -3?
-2bb31
In base 13, what is -3 - 1c1c3?
-1c1c6
In base 10, what is -92638 + -2?
-92640
In base 3, what is -2100 - -1201200000?
1201120200
In base 2, what is -1010000000 - 1000011?
-1011000011
In base 7, what is 135 + -2353?
-2215
In base 11, what is -1289 + -8?
-1296
In base 13, what is -3 - -4429?
4426
In base 7, what is -35141 - 10?
-35151
In base 13, what is -2 - 16642?
-16644
In base 15, what is -9c8ad - -1?
-9c8ac
In base 14, what is -1ab8 - -1?
-1ab7
In base 5, what is 1 + 1312231?
1312232
In base 12, what is -48 - -35b2?
3566
In base 14, what is -21ab - 155?
-2322
In base 14, what is -267a + 1b?
-265d
In base 13, what is 46779 + 4?
46780
In base 6, what is 25222 + 253?
25515
In base 6, what is -1143 - -310?
-433
In base 15, what is 1 + e290?
e291
In base 7, what is 1056 - -5362?
6451
In base 13, what is 159 + b0?
239
In base 12, what is -7a114 + -1?
-7a115
In base 10, what is -14670 + 320?
-14350
In base 10, what is -80 + 3340?
3260
In base 4, what is -122321 - 3?
-122330
In base 5, what is -1113 + -1422?
-3040
In base 2, what is -10100111100010000 + -1101?
-10100111100011101
In base 3, what is 10110 + 2210111?
2220221
In base 4, what is 10 + -3123221?
-3123211
In base 14, what is 3b349c + 4?
3b34a2
In base 15, what is -30dc9 - -12?
-30db7
In base 6, what is -3 + -5500212?
-5500215
In base 8, what is -2 - 130024?
-130026
In base 9, what is -2 + -681?
-683
In base 10, what is -1285 - 29?
-1314
In base 4, what is -1000323221 - -3?
-1000323212
In base 7, what is -61360 - -11?
-61346
In base 8, what is -5050365 - -6?
-5050357
In base 15, what is 3 + -1dd4?
-1dd1
In base 7, what is 5622 - 15?
5604
In base 13, what is 145b6 - -3?
145b9
In base 12, what is -3 - 833?
-836
In base 16, what is -b - 197?
-1a2
In base 3, what is -122122 + -1221220?
-2121112
In base 5, what is -110 + -4330010?
-4330120
In base 3, what is 12 - -2000102?
2000121
In base 15, what is 155 - -1?
156
In base 9, what is -68157 - -57?
-68100
In base 2, what is -1011110000110 - 11001?
-1011110011111
In base 4, what is 12331 - 2302?
10023
In base 16, what is -31 + 4c?
1b
In base 16, what is 875d - 95?
86c8
In base 2, what is -110 + -111111110000001101?
-111111110000010011
In base 3, what is -212000112 + 1112?
-211222000
In base 5, what is -1 - 344124?
-344130
In base 3, what is 2 + 220212100?
220212102
In base 15, what is 1 + -27101?
-27100
In base 9, what is -21360 - -4?
-21355
In base 5, what is -3 - -103121423?
103121420
In base 15, what is -135 - be?
-204
In base 3, what is -12 - 111212011?
-111212100
In base 14, what is -2 + -21013?
-21015
In base 4, what is 113203 - -31?
113300
In base 4, what is 12302013 + 1?
12302020
In base 2, what is 100010010001 + 0?
100010010001
In base 15, what is d3b0 - -5?
d3b5
In base 5, what is 1241030 + -132?
1240343
In base 16, what is 108a + -6e?
101c
In base 15, what is -2676 - 11?
-268